0). Is 21 a factor of (-760)/i - 10/45?
True
Let d(i) = -i**3 + i**2 - i - 1. Let l be d(4). Let k = l - -75. Is 7 a factor of k?
False
Let t(z) = 5*z**3 - 6*z**2 + 2*z + 5. Let c(s) = -4*s**3 + 6*s**2 - s - 4. Let m(l) = -4*c(l) - 3*t(l). Suppose 22*i - 23*i + 7 = 0. Is m(i) a multiple of 18?
True
Let j(n) = n**2 + 2*n - 1. Let a be j(-3). Suppose a*i - 10 = -3*i. Suppose -5*k - 45 = -4*h, -i*h = h + 2*k - 28. Does 5 divide h?
True
Let f(j) = -4*j + 4. Let i = -8 - -2. Let a = 0 + i. Does 11 divide f(a)?
False
Let u = 5 - 0. Suppose 2*n - 29 = -0*d + u*d, 0 = 4*n - d - 31. Suppose n = -g + 16. Is g a multiple of 5?
False
Suppose -a + 3 - 1 = 0. Suppose 5*o - 182 = p - 5*p, a*o - 56 = 4*p. Does 17 divide o?
True
Suppose 2*a + 146 = 4*z - 216, 86 = z + 4*a. Does 30 divide z?
True
Let q = 41 - -78. Suppose 0 = -0*p + 3*p + 249. Let u = p + q. Does 15 divide u?
False
Suppose -4*q = -6 - 46. Is 13 a factor of q?
True
Suppose 2*p = -b + 10 - 4, 0 = 3*p + 4*b - 14. Suppose -66 = -2*q + p*r, q - 3*r + 0*r - 27 = 0. Is q a multiple of 13?
False
Let r be (5 + -3 - 12) + 3. Let v(t) = t + 17. Does 8 divide v(r)?
False
Does 3 divide (8/(-12) + -1)*-3?
False
Let o = 22 + -7. Suppose 0 = -6*k + k + o. Suppose k*z = 2*z - 2*p + 5, -4*z = 2*p - 26. Is 2 a factor of z?
False
Let z(h) = -h**2 + 16*h + 19. Does 8 divide z(16)?
False
Let y(r) = 14*r**3 - r + 1. Let q be y(1). Suppose 5*x - q = 3*x. Suppose j + 0 = x. Is j a multiple of 4?
False
Let z = 1 - -10. Suppose -2*q - 3*q = -10. Suppose q*f - 26 = 5*s + z, 129 = 4*f + s. Is f a multiple of 17?
False
Let w = 15 - -123. Is w a multiple of 23?
True
Suppose 6*c = 2*c + 12. Suppose -c*m + 0*m + 42 = 0. Is 7 a factor of m?
True
Is 23 a factor of -1 + 3 + (47 - 3)?
True
Let i = -42 + 73. Let j = -18 + i. Does 8 divide j?
False
Suppose -502 = -5*a + 3*d, -2 = -4*d + 2*d. Does 21 divide a?
False
Let l(i) = -i - 5. Let s be l(-7). Suppose 4*g + 0*h + s = 3*h, -3*g + 4*h - 5 = 0. Does 9 divide 261/12 - g/(-4)?
False
Suppose 0 = 2*j - 38 + 16. Is j even?
False
Suppose 4*r - 166 = 2*a, 146 = 3*r - 5*a + 4. Let g = 100 - r. Does 20 divide g?
False
Let s be (1/5)/((-10)/(-50)). Suppose -3*h - 4*f = -3*f + 6, 0 = -3*h + 2*f - 15. Is 13 a factor of 7*(-1 + s - h)?
False
Let q(o) = o + 11. Is q(17) a multiple of 19?
False
Let t = -43 + 81. Is 3 a factor of t?
False
Suppose -5*y + 5 = -0. Is 12 a factor of 25 + 0 + y + 0?
False
Suppose -78 = -f - 47. Does 4 divide f?
False
Let f be (-2 - -2)/(1 + 0). Let h(z) = -7 - z - 3 + 33. Is h(f) a multiple of 12?
False
Let f(r) be the second derivative of 0 + r**2 - 2*r - 13/6*r**3. Does 9 divide f(-2)?
False
Suppose -5*a + 3*m = -6, -2*a + 4*m - 4 = -12. Let d = a + -4. Does 3 divide ((-60)/9)/(d/6)?
False
Let y be (2 + (-15)/9)*9. Let d be 6 - (15/y + -3). Suppose 37 = 5*r + 3*k - 18, 4*k - 52 = -d*r. Is r a multiple of 8?
True
Does 24 divide (-6)/(-8) - 1542/(-24)?
False
Let x(p) = -18*p**2 - p + 1. Suppose -2 + 1 = -d. Let l be x(d). Let m = 52 + l. Is m a multiple of 15?
False
Suppose 0*k + 3 = -k, -5*a + 7 = -4*k. Let z(h) = -3*h**3 - 2*h - 1. Let v be z(a). Suppose v*i = -11 + 35. Is 3 a factor of i?
True
Let b(q) be the third derivative of q**6/120 + q**5/12 + q**4/6 + q**3/2 + q**2. Let v be b(-4). Does 16 divide 18 + (0/v - 2)?
True
Suppose r = -3*i + 4*i + 2, -25 = -5*r. Suppose 3*b - 120 = -4*w - b, -i*w = 2*b - 88. Does 14 divide w?
True
Let a be 0*2/(4/2). Suppose a = 5*u - 4*y - 3, 5*u - 2*u + 5*y = 24. Suppose u*n + 2*n - 65 = 0. Does 13 divide n?
True
Suppose -3*k + 5*d = -6 - 31, -2*k = d - 16. Does 6 divide ((-15)/(-2))/(k/12)?
False
Let f = 6 - 4. Let k be 5*((-48)/(-15))/f. Let i = k - 4. Does 4 divide i?
True
Is 20 a factor of 2/(-2)*27*-7?
False
Does 48 divide 140/50*(74 + (1 - 0))?
False
Let u(y) = 3*y**3 + 23*y**2 + 23*y - 6. Let n(w) = w**3 + 8*w**2 + 8*w - 2. Let q(z) = 17*n(z) - 6*u(z). Is q(-2) a multiple of 4?
False
Suppose 0 = -5*k - 15, -3*t - 5*k - 10 = 2*t. Let w = 1 - t. Suppose w = -2*l + 11 + 33. Does 11 divide l?
True
Let w be -2 - (2 + 2/(-1)). Is 8 a factor of (w - -32)*1 + 0?
False
Suppose 0 = -5*k + 2*k. Suppose 0*f + 4*f - 16 = k. Is f a multiple of 3?
False
Let r(x) = -x**2 - 10*x. Let g be r(-10). Suppose 4*o = 5*b - 254, 3*o + 258 = 5*b - g*o. Does 18 divide b?
True
Let i(c) = c**3 + 4*c**2 - 2*c + 5. Let m be i(-4). Suppose 3*a - 103 + m = 0. Is 10 a factor of a?
True
Let r(j) = -j + 3. Is r(-3) a multiple of 4?
False
Is 13 a factor of (0 - -39) + (-10 - -10)?
True
Does 9 divide -3 + 4/4 + 14?
False
Let m = -7 + 16. Is m a multiple of 2?
False
Suppose 5*m - 1425 = -5*p, 855 = 3*m + 3*p - 4*p. Is 13 a factor of m?
False
Let d(h) = 0 - 2 + 3 + 25*h - 2. Let z be d(2). Suppose -5*v + 66 = -z. Is 6 a factor of v?
False
Suppose -18*r = -11*r - 196. Is r a multiple of 4?
True
Let r(u) = 3 - 4*u - 2 - 5*u + 2*u. Does 5 divide r(-1)?
False
Let r = 30 + 0. Is 10 a factor of r?
True
Let u be -138*((-3)/(-9) + -2). Is (-2)/10 + u/25 even?
False
Suppose 0 = -6*p + 3*p - 51. Is (-1)/1*1*p a multiple of 6?
False
Suppose 5*c - 27 + 7 = 0. Suppose 0 = -3*g + 5*s - c*s + 111, -s - 147 = -4*g. Does 19 divide g?
False
Let t be (1 - 0) + -3 - -5. Suppose t*b + 1 = -j + 3*j, 30 = 5*b + 3*j. Is b a multiple of 3?
True
Let h(g) = 4*g**2 + 7*g + 5. Suppose 5*s - 4 + 29 = 0. Let b be ((-2)/s)/((-3)/30). Is 19 a factor of h(b)?
False
Suppose -5*q + 4 = -266. Is 27 a factor of q?
True
Suppose 0 = 5*u - u - 20. Suppose 0 = u*s - 9 - 6. Suppose 6 = 3*k, 0*v + s*k + 171 = 3*v. Is v a multiple of 21?
False
Let f(s) = 3*s**3 - 2*s**2 - 2*s + 3. Let x be (-8)/6*(-3)/2. Is 15 a factor of f(x)?
True
Let l(m) be the second derivative of m**5/20 - m**3/6 + 5*m**2 + m. Let c be l(0). Suppose 0 = b - 8 - c. Is 18 a factor of b?
True
Suppose -u + 71 = -45. Is u a multiple of 29?
True
Let v be (-14)/4*20/(-35). Suppose 0 = -v*x - 37 + 121. Is 11 a factor of x?
False
Suppose 3*b = -2*n, -4*n + 0*b = 3*b. Suppose 2*f + 3*f - 35 = n. Does 5 divide f?
False
Let q(m) = -m**2 + 19*m - 19. Is 5 a factor of q(5)?
False
Let s(d) = -d**3 + 7*d**2 - 5*d - 2. Let u be 9*(-2 - (-24)/9). Let g be s(u). Suppose 0 = -g*n + n + 63. Is n a multiple of 8?
False
Let r = 11 - 8. Suppose 0 = -2*d + r*s + 22, 0 = 5*d - 0*s - s - 55. Suppose o = d - 3. Is o a multiple of 5?
False
Let n = -3 + 54. Let s = n + -31. Is s a multiple of 10?
True
Let g(v) = -v**2 - 6*v - 7. Let n be g(-7). Is 6/n + (-286)/(-14) a multiple of 16?
False
Suppose -i - i = -4*t + 94, -4*t = -5*i - 97. Let n = 13 - 25. Let w = n + t. Does 11 divide w?
True
Suppose -h - 9 = -4*h. Suppose 46 + 14 = h*k. Does 8 divide k?
False
Let j be 15/20 - (-26)/8. Suppose -j*v + 5*v = -5*y + 44, 20 = 2*y - 2*v. Is y a multiple of 3?
True
Let q(r) = r + 9 + 3*r**2 - 2*r**2 - 11*r. Let h be q(7). Is 6 a factor of 8/h + 70/6?
False
Suppose -i - 5 = -25. Suppose -3*h + 91 = -i. Is h a multiple of 11?
False
Let z(l) = 2*l - 3. Let g(d) = 3*d - 4. Let k(b) = -3*g(b) + 4*z(b). Let t be k(1). Let v = 14 - t. Does 15 divide v?
True
Suppose 31 = 2*i - 41. Suppose 2*h + 2*h = i. Does 3 divide h?
True
Suppose t = -2 - 1. Let l be t/(7/(-4) - -1). Suppose -l*o + 24 = -u, 3*u = o - 5*o + 24. Is 6 a factor of o?
True
Let b = 4 + 0. Suppose -z + 48 = b. Does 22 divide z?
True
Let v(a) = 9*a**3 - 2*a**2 + 1. Let b be v(-1). Let t be (-136)/b - 8/(-20). Does 8 divide 108/14 - (-4)/t?
True
Suppose 2*p + 2*p = 4*t + 84, 85 = 4*p - 5*t. Let b = 34 - p. Does 7 divide b?
True
Suppose 4*m + 32 = -4*a, -25 + 3 = 2*a - 4*m. Let x = 32 + a. Is 6 a factor of x?
False
Suppose 68 = 2*n - 5*f, 3*n - 8*n - 3*f + 170 = 0. Is 30 a factor of n?
False
Let t(q) = -q - 3. Suppose -3*m + 35 = 4*r, -5*m + 4*r + 47 = 10. Let f = -15 + m. Does 2 divide t(f)?
False
Suppose 3*d + 3*t = 4*t - 8, -3*d + 2*t - 10 = 0. Suppose 4*m + 10 = -g, -2*g + 2*m = -3*g - 6. Does 10 divide g/((-1)/(-11)*d)?
False
Let a(z) = -5 - 8*z + 0 - 4*z + 6*z. Suppose 14 = -3*u + u. Does 14 divide a(u)?
False
Let u be (8 - 2)/((-6)/57). Let v = u - -85. Suppose -13 = -r + v. Is r a multiple of 17?
False
Let a be ((-3)/9)/(1/(-6)). Let x(v) = v**2 + 3*v + 0*v + a - 2*v. Does 6 divide x(-3)?
False
Let o(i) = i**2 + 2*i + 7. Let v(a) = a**3 + 4*a**2 - a - 2. Let m be v(-4). Suppose -5*w - 25 = k + 1, m*w + 13 